 w(t) = t + 9. Let f be w(-7). Let p be u(f). Suppose -4*d + p*d = 44. List the prime factors of d.
2, 11
Suppose 0 = l + 4*l - 10. Suppose -l*s - w = -2*w - 107, 0 = -4*s - 3*w + 239. List the prime factors of s.
2, 7
Suppose -4*f + 7*f = 84. Suppose 2*u = -3*j + f, -3*u = -j - 3*j + 26. List the prime factors of j.
2
Suppose 3*i - 7*i + 5*h = -807, 0 = -3*i - h + 591. List the prime factors of i.
2, 3, 11
Let r(p) = -2*p + 1. Let g be r(-1). Let y be 1/(1*(-3)/(-57)). Suppose -y = -g*x - 1. What are the prime factors of x?
2, 3
Let c be 4 + -2 + 1 + 50. Let k = c - 38. List the prime factors of k.
3, 5
Let l(b) = b**3 - 2*b**2 - 6*b + 5. Suppose -3*y - 5*v = -4 + 12, 36 = 4*y - 5*v. Let u be l(y). Suppose 0*n + n = u. What are the prime factors of n?
13
Suppose 4*h = 4*v + 8, 5*v + 8 = -2*h - 2. Suppose h = -4*l + 23 + 1. List the prime factors of l.
2, 3
Let v(g) = g**2 - 5*g + 1. Let q be v(5). Let b be ((-7)/(-3))/((-7)/(-21)). Suppose 3*i - b + q = 0. What are the prime factors of i?
2
Let z be (9/(-3) - 0) + 22. Let r = z - -14. What are the prime factors of r?
3, 11
Suppose -369 = -6*a + 3*a. Let q = 173 - a. List the prime factors of q.
2, 5
Suppose -4*d + 72 = -0*d. What are the prime factors of d?
2, 3
Let o(g) = 7*g - 7. List the prime factors of o(4).
3, 7
Suppose -t = -3*a + 15, -t - 10 = -2*a + 3*t. List the prime factors of a.
5
Let n(f) = 3*f. Let l be n(-2). What are the prime factors of (-90)/4*4/l?
3, 5
Suppose 2*v - 42 = -4*z + 54, 3*v - 150 = -4*z. Let b be v/(-15) + (-4)/10. Let x = 12 + b. What are the prime factors of x?
2
Let t(h) = -4*h**2 - 8*h - 12. Let a(n) = n + 1. Let p(j) = 10*a(j) + t(j). Let m be p(2). Let r = m - -25. What are the prime factors of r?
11
Let f be (-3)/(-12) + 46/8. Suppose s = -s + f. Let l(h) = 3*h - 3. What are the prime factors of l(s)?
2, 3
Let n = 4 - -1. Suppose 0 = -n*u + a + 53, 2*u - 23 = -u + 5*a. List the prime factors of u.
11
Let k = 8 + -8. Suppose 2*h - h = k. Suppose h = 2*p + p - 36. List the prime factors of p.
2, 3
Suppose -5*g = 40 - 330. What are the prime factors of g?
2, 29
Suppose -3*k + 4*d + 79 = 0, 0*k - 70 = -3*k - 5*d. What are the prime factors of k?
5
Suppose -a = -5*a - 32. Let m = 82 - a. Suppose 4*o - n - m = -3*n, 3*o - 63 = 3*n. What are the prime factors of o?
2, 11
Let a = -15 - -37. What are the prime factors of a?
2, 11
Suppose 123 + 253 = 8*g. List the prime factors of g.
47
Let x(j) be the first derivative of -2/3*j**3 - 1/4*j**4 + 3 - 3*j + 3/2*j**2. What are the prime factors of x(-4)?
17
Let j(z) = 2*z**3 + z + 1. Let i be 4/(-5)*5/2. Let x be j(i). Let r = 0 - x. List the prime factors of r.
17
Let u(d) = d**2 - 6*d - 1. Let s be u(5). What are the prime factors of (-56)/(-10)*(-15)/s?
2, 7
Let o be ((-2)/6)/((-2)/30). What are the prime factors of ((-2)/(-6))/(o/525)?
5, 7
Suppose -2*x = 5*y - 5*x + 12, 20 = -y + 5*x. Suppose y = z + 3 - 16. List the prime factors of z.
13
Let f(y) = 0*y**2 - 2*y**2 - 8*y + 2*y**2 - y**2 - 8. Let m be f(-6). What are the prime factors of (m/(-8))/((-2)/52)?
13
Let z be 1950/35 + 2/7. Suppose 3*d + 5*t - 61 = -3, -4*t - z = -4*d. Suppose d = 4*x - 0*x. List the prime factors of x.
2
Suppose -515 = -5*b - 4*f - f, 113 = b - 4*f. List the prime factors of b.
3, 5, 7
Let d = 37 + -21. What are the prime factors of d?
2
Suppose -104 = -n + 5*w, 0 = 3*n - 5*w - 259 - 63. What are the prime factors of n?
109
Suppose 0*i - i + 3 = 0. Suppose 12 = 3*w, d - 6*d = -i*w - 8. List the prime factors of d.
2
Let l(q) = -q**3 - 5*q**2 + 5*q - 2. Suppose i = 3, 21 = -4*k + i - 2*i. Let g be l(k). Suppose -4*x = g, -5 = -5*m - 2*x + 43. List the prime factors of m.
2, 5
Let i = -33 - -24. Let g = i - -31. What are the prime factors of g?
2, 11
Let g(k) be the first derivative of k**2 + 8*k - 9. What are the prime factors of g(6)?
2, 5
Suppose 4*w = 2*w + 2. Suppose v - w = -g, -2*v - 3 = 3*g - 9. Suppose 4*j + 12 = 3*i + 2*j, -2*j + g = i. What are the prime factors of i?
2
What are the prime factors of (-360)/(-56) + -6 - 1684/(-7)?
241
Let j(s) = 6*s**2 - 2*s. Let i(m) = m**2 - 10*m + 11. Let c be i(9). What are the prime factors of j(c)?
2, 5
Let g(d) = -8*d**2 + d + 1. Let c be g(4). Let w = -88 - c. List the prime factors of w.
5, 7
Suppose 7*f - 26 = -b + 3*f, 2*f = 10. List the prime factors of b.
2, 3
Let y = -8 - -13. Suppose 10 = -5*u - y. Let p = u - -11. What are the prime factors of p?
2
Let r(g) = -g**2 - g + 75. Let w be r(0). Let q be (-1)/(-4) - w/12. What are the prime factors of q/(-8) + (-29)/(-4)?
2
Let t = -84 + 126. List the prime factors of t.
2, 3, 7
Suppose -13*d + 420 = -8*d. What are the prime factors of d?
2, 3, 7
Suppose -2*f = 2*a - 5*f - 13, 34 = 4*a + 2*f. Let k = -3 + a. List the prime factors of k.
5
Let p be (14/(-2) - -3) + 3. Let g(m) = -19*m. List the prime factors of g(p).
19
Let l(d) = -d**3 - 8*d**2 - 19*d + 8. List the prime factors of l(-7).
2, 23
Let f(z) be the third derivative of 1/6*z**4 - 1/6*z**3 - 2*z**2 + 0 + 0*z. What are the prime factors of f(4)?
3, 5
Let a = -1 + 6. Suppose f = 3*s - s + 14, a*s = 2*f - 29. What are the prime factors of f?
2, 3
Suppose 3*a = -117 + 354. List the prime factors of a.
79
Suppose 5*a + 658 = 4*i, 3*i + 3*a - 505 = a. List the prime factors of i.
167
Let d(v) = 106*v**2 + 1. List the prime factors of d(-1).
107
Suppose a - 10 = 3*a. Let f = -1 - -7. List the prime factors of -3*f/15*a.
2, 3
Suppose 3*d - d = 0. Suppose 3*u = 4*l + 36, -3*u - u - 4*l + 20 = d. What are the prime factors of u?
2
Let l = 1 - -9. Let k = -17 - -11. Let s = k + l. What are the prime factors of s?
2
Let v(a) = -44*a**2 + a + 2. Let c be v(-1). Let w = c - -76. What are the prime factors of w?
3, 11
Let d(i) = -2*i**2 - 6*i - 7. Let v(c) = -4*c**2 - 12*c - 15. Let j(z) = -7*d(z) + 3*v(z). Let a be j(-5). Suppose 6*q - a = 3*q. List the prime factors of q.
2
Let x be (-2)/(1/((-15)/6)). Suppose -2*j - 18 = -x*j. What are the prime factors of j?
2, 3
Suppose 15 = -2*w - 3*w. What are the prime factors of ((-58)/6 - -1)*w?
2, 13
Let z(w) = -17*w - 1. Let l be z(-1). Let x = 11 - l. Let a = x - -7. List the prime factors of a.
2
Let b(a) = a**3 + 5*a**2 - 10*a - 8. Let w(f) = -f**2 + 4*f - 1. Let j be w(5). Let x be b(j). Suppose -x = c - 3*c. List the prime factors of c.
2
Let t be 1/(-3) + (-20)/(-6). Suppose -2*j - 4 = -3*d - d, 3*j - 3*d - t = 0. Suppose -j*u + 41 = 5*v, u + 0*u = 4*v + 5. List the prime factors of u.
3
Let r be ((-6)/(-5))/((-9)/(-30)). Suppose r*g - 23 = 17. Suppose -5*a + g = 0, n - 12 = -a - a. List the prime factors of n.
2
Let t = -22 - -9. Let y = t + 37. What are the prime factors of y?
2, 3
Let o = -33 - -34. Let c(d) = d**3 + 4*d**2 + 5*d + 4. Let k be c(-3). List the prime factors of (-7*o - k)/(-1).
5
Let q(f) = 8*f - 7. What are the prime factors of q(5)?
3, 11
Let h = -43 - -99. Let o = h - 22. List the prime factors of o.
2, 17
Let q = 9 - 8. Suppose 0 = 2*g - q - 5. What are the prime factors of g?
3
Let d = -27 + 30. Suppose 0 = 5*c - 10, d*q + 4*c = c + 75. What are the prime factors of q?
23
Let x(d) = 2*d**3 - 2*d**2 + 4*d - 3. List the prime factors of x(2).
13
Suppose z - 45 + 5 = -i, 4*i = -5*z + 196. What are the prime factors of z?
2, 3
Let w(g) = -g + 8. List the prime factors of w(-13).
3, 7
Suppose 2*a = -b - 6, -3*b + 0*a + 10 = -a. Suppose 5*z = 3*h - 68 - 107, 3*h + 4*z = 184. Suppose 7*o - b*o = h. List the prime factors of o.
2, 3
Suppose y + d = 55 + 130, -547 = -3*y - 5*d. What are the prime factors of y?
3, 7
Let n(t) = -4*t**3 - 4*t**2 - 3*t + 8. What are the prime factors of n(-4)?
2, 53
Let d(q) = 2*q + 3. Let u be 10/3*(-36)/(-15). What are the prime factors of d(u)?
19
Suppose 0*k - 4*o = -4*k + 20, -3*k - 5*o - 9 = 0. Suppose -y = k*y + 9. List the prime factors of 1 + y/(3/(-4)).
5
Let x(f) = -4*f - 2. Let u(y) = -y**3 + 5*y**2 + 3. Let p be u(5). Let o be x(p). Let r(i) = -i**2 - 14*i + 11. List the prime factors of r(o).
11
Let u(x) = -11*x + 1. What are the prime factors of u(-7)?
2, 3, 13
Suppose 3*r = 7*r. Suppose r*u + 2*u - 42 = 0. Suppose -c + 39 = 5*n - 2*n, 5*c = 3*n - u. What are the prime factors of n?
2, 3
Let m = -27 - -144. List the prime factors of m.
3, 13
Suppose 3*l + l - 52 = 0. List the